{"id":304,"date":"2023-03-13T23:28:55","date_gmt":"2023-03-13T22:28:55","guid":{"rendered":"https:\/\/konferencija.mensa.rs\/?page_id=304"},"modified":"2024-03-30T21:50:32","modified_gmt":"2024-03-30T20:50:32","slug":"metode-i-programi-rada-sa-darovitima","status":"publish","type":"page","link":"https:\/\/konferencija.mensa.rs\/?page_id=304","title":{"rendered":"6. konferencija 2023."},"content":{"rendered":"<p><img decoding=\"async\" loading=\"lazy\" class=\"wp-image-12 aligncenter\" src=\"https:\/\/konferencija.mensa.rs\/wp-content\/uploads\/2017\/12\/cropped-znak-Mense-2-300x240.jpg\" alt=\"\" width=\"116\" height=\"93\" srcset=\"https:\/\/konferencija.mensa.rs\/wp-content\/uploads\/2017\/12\/cropped-znak-Mense-2-300x240.jpg 300w, https:\/\/konferencija.mensa.rs\/wp-content\/uploads\/2017\/12\/cropped-znak-Mense-2.jpg 312w\" sizes=\"(max-width: 116px) 100vw, 116px\" \/><\/p>\n<p style=\"text-align: center;\">Udru\u017eenje gra\u0111ana Mensa Srbije<\/p>\n<p style=\"text-align: center;\">i partneri<\/p>\n<p style=\"text-align: center;\">pozivaju Vas na<\/p>\n<p style=\"text-align: center;\"><strong>\u0160estu me\u0111unarodnu<\/strong><\/p>\n<p style=\"text-align: center;\"><strong>nau\u010dno-stru\u010dnu konferenciju<\/strong><\/p>\n<p style=\"text-align: center;\"><strong>\u201eMetode i programi rada sa darovitima\u201d<\/strong><\/p>\n<p style=\"text-align: center;\"><strong>\u00a029.<\/strong><strong>9 \u2013 1. 10. 2023, Novi Sad<\/strong><\/p>\n<p><img decoding=\"async\" loading=\"lazy\" class=\"alignnone wp-image-14 aligncenter\" src=\"https:\/\/konferencija.mensa.rs\/wp-content\/uploads\/2017\/12\/222-mini.jpg\" alt=\"\" width=\"153\" height=\"153\" srcset=\"https:\/\/konferencija.mensa.rs\/wp-content\/uploads\/2017\/12\/222-mini.jpg 260w, https:\/\/konferencija.mensa.rs\/wp-content\/uploads\/2017\/12\/222-mini-150x150.jpg 150w, https:\/\/konferencija.mensa.rs\/wp-content\/uploads\/2017\/12\/222-mini-100x100.jpg 100w\" sizes=\"(max-width: 153px) 100vw, 153px\" \/><\/p>\n<p>&nbsp;<\/p>\n<p><strong><span style=\"color: #ff0000;\">NOVO!!! <a href=\"https:\/\/drive.google.com\/file\/d\/16LdIaAqCEaYV7wqKZbrlunSBxrY4pb72\/view?usp=sharing\">Program konferencije<\/a><\/span><\/strong><\/p>\n<p style=\"text-align: justify;\"><strong>Mesto<\/strong>: Rektorat Univerziteta u Novom Sadu, Zorana \u0110in\u0111i\u0107a 1<\/p>\n<p style=\"text-align: justify;\"><strong>Cilj konferencije:<\/strong><\/p>\n<p style=\"text-align: justify;\">Posle pet odr\u017eanih konferencija \u010dije su se teme odnosile na definisanje darovitosti, prepoznavanje darovitih, ulogu i zna\u010daj podsticajne sredine za razvoj darovitih, razli\u010dite dru\u0161tvene sisteme koji su va\u017eni za stvaranje ambijenta u kome se daroviti razvijaju, te razvoj darovitosti tokom celog \u017eivotnog ciklusa, <strong>ove godine \u017eelimo da se bavimo konkretnim metodama, programima i postupcima koji su podsticajni za razvoj darovitosti i kreativnosti u razli\u010ditim podru\u010djima i za potrebe razli\u010ditih generacija.\u00a0<\/strong><\/p>\n<p style=\"text-align: justify;\">Smatraju\u0107i da smo tokom prethodnih godina ve\u0107 okupili zna\u010dajan broj stru\u010dnjaka koji prepoznaju darovite i rade sa njima, <strong>\u017eelimo da otvorimo prostor za razmenu znanja o tehnikama, metodama, postupcima i programima koji nastaju, razvijaju se i pokazuju rezultate koji su vidljivi u \u017eivotima darovite dece, mladih i odraslih i koji im poma\u017eu da svoje talente otkrivaju, razvijaju i realizuju.<\/strong> O\u010dekujemo da \u0107emo se stru\u010dnim razmenama i diskusijama o ovim temama osna\u017eiti za njihovu primenu i na taj na\u010din doprineti vidljivosti dobrih praksi za rad sa darovitima.<\/p>\n<p style=\"text-align: justify;\">Kao i na dosada\u0161njim konferencijama, \u017eelimo da podstaknemo diskusije, izlaganja primera dobre prakse i aktivnosti u vidu radionica za u\u010desnike konferencije. \u017delimo da konferencija i ovog puta bude mesto stvaranja novih prilika za saradnju i u\u010denje iz me\u0111unarodnih iskustava i multidisciplinarnog pristupa stru\u010dnjaka, prakti\u010dara, obrazovnih stru\u010dnjaka, poslodavaca, donosioca politika i svih zainteresovanih.<\/p>\n<p style=\"text-align: justify;\"><strong>Iskreno se nadamo da \u0107ete prepoznati svoj interes da nam se pridru\u017eite!<\/strong><\/p>\n<p style=\"text-align: justify;\"><strong>U\u010desnici<\/strong>: Konferencija je namenjena vaspita\u010dima, u\u010diteljima, nastavnicima, stru\u010dnim saradnicima, defektolozima, lekarima, zaposlenima u javnim servisima, administracijama i upravama, medijskim radnicima, studentima i svima ostalima koji se u svom radu susre\u0107u sa darovitom decom, mladima, odraslima i njihovim porodicama, iz zemlje i inostranstva, i rade sa njima.<\/p>\n<p style=\"text-align: justify;\"><strong>Jezici konferencije<\/strong>: srpski \/ jezici regiona i engleski.<\/p>\n<p style=\"text-align: justify;\"><strong>Konferencija \u0107e biti akreditovana <\/strong>kao oblik stru\u010dnog usavr\u0161avanja zaposlenih u obrazovno-vaspitnim ustanovama u Republici Srbiji.<\/p>\n<p style=\"text-align: justify;\"><strong>Pozivamo Vas da prijavite svoje u\u010de\u0161\u0107e na konferenciji <\/strong>u formi usmenog izlaganja, poster prezentacije, radionice ili da u\u010destvujete kao slu\u0161alac, bez izlaganja.<\/p>\n<p style=\"text-align: justify;\"><strong>Svoja izlaganja <\/strong>mo\u017eete prijaviti na neku od slede\u0107ih podtema:<\/p>\n<ul style=\"text-align: justify;\">\n<li>\u201eMetode i programi rada sa darovitima u razli\u010ditim oblastima\u201d;<\/li>\n<li>\u201eAktuelni i alternativni pristupi u radu sa darovitima\u201d;<\/li>\n<li>\u201eMetode i tehnike prepoznavanja i identifikacija darovite dece, mladih i odraslih\u201d;<\/li>\n<li>\u201eDodatna podr\u0161ka darovitim osobama\u201d;<\/li>\n<li>\u201eMetode osna\u017eivanja profesionalaca za rad sa darovitima\u201d;<\/li>\n<li>\u201eProgrami podr\u0161ke porodici darovitih\u201d;<\/li>\n<li>\u201eTr\u017ei\u0161te rada i odnos prema darovitima\u201d;<\/li>\n<li>\u201eInstitucionalni oblici podr\u0161ke darovitosti\u201d;<\/li>\n<li>\u201eMe\u0111unarodna saradnja u oblasti darovitosti\u201d;<\/li>\n<li>\u201eDarovitost, interdisciplinarnost i multidisciplinarnost\u201d;<\/li>\n<li>\u201eInstitucije i nevladine organizacije, udru\u017eenja gra\u0111ana i strukovna udru\u017eenja u radu sa darovitima\u201d.<\/li>\n<\/ul>\n<p style=\"text-align: justify;\"><strong><u>Va\u017eni datumi<\/u><\/strong><\/p>\n<p style=\"text-align: justify;\"><strong>\u00a0<\/strong>&#8211; Do 1. jula 2023. Prijava rezimea (usmenog izlaganja ili poster prezentacije)<\/p>\n<p style=\"text-align: justify;\">&#8211; 15. jul 2023. Obave\u0161tenje o prihvatanju rezimea (uz informaciju o potrebnim korekcijama)<\/p>\n<p style=\"text-align: justify;\">&#8211; 20. jul 2023. Rok za slanje korigovanog rezimea<\/p>\n<p style=\"text-align: justify;\">&#8211; 15. avgust 2023. Prijava rada u celini<\/p>\n<p style=\"text-align: justify;\">&#8211; 29. avgust 2023. Obave\u0161tenje o prihvatanju rada<\/p>\n<p style=\"text-align: justify;\">&#8211; 5. septembar 2023. Rok za slanje korigovanih radova u celini<\/p>\n<p style=\"text-align: justify;\">&#8211; 6. septembar 2023. Poslednji rok za uplatu kotizacije za u\u010desnike izlaga\u010de i autore radova u Zborniku radova<strong>\u00a0<\/strong><\/p>\n<p style=\"text-align: justify;\">&#8211; Uplata kotizacije:<\/p>\n<p style=\"text-align: justify;\"><strong>do 20. jula 2023. godine\u00a0<\/strong>\u2013 rok za rane uplate <u>po ni\u017eoj ceni;\u00a0<\/u><\/p>\n<p style=\"text-align: justify;\"><strong>do 20. septembra 2023. godine <\/strong>\u2013 rok za uplate <u>po redovnoj ceni.<\/u><\/p>\n<p style=\"text-align: justify;\"><strong><u>Kotizacija<\/u><\/strong><\/p>\n<p style=\"text-align: justify;\"><strong><u>\u00a0<\/u><\/strong><strong>Iznos kotizacije po osobi <\/strong>za u\u010de\u0161\u0107e na trodnevnoj konferenciji, u zavisnosti od datuma uplate i kategorije u\u010desnika:<\/p>\n<p><img decoding=\"async\" loading=\"lazy\" class=\" wp-image-312 aligncenter\" src=\"https:\/\/konferencija.mensa.rs\/wp-content\/uploads\/2023\/03\/Kotizacije-6.-konferencije-o-darovitosti-2023-srpski.jpg\" alt=\"\" width=\"969\" height=\"307\" \/><\/p>\n<p style=\"text-align: justify;\">Kotizacija obuhvata:<\/p>\n<p style=\"text-align: justify;\">&#8211; prisustvo, pra\u0107enje i\/ili u\u010de\u0161\u0107e u radu konferencije;<\/p>\n<p style=\"text-align: justify;\">&#8211; \u0161tampani program konferencije i Zbornik sa\u017eetaka;<\/p>\n<p style=\"text-align: justify;\">&#8211; \u0161tampani Zbornik radova;<\/p>\n<p style=\"text-align: justify;\">&#8211; sertifikat o u\u010de\u0161\u0107u (za sve u\u010desnike konferencije) i uverenje o poha\u0111anom obliku stru\u010dnog usavr\u0161avanja (za zaposlene u obrazovno-vaspitnim ustanovama u Republici Srbiji);<\/p>\n<p style=\"text-align: justify;\">&#8211; prate\u0107i radni materijal;<\/p>\n<p style=\"text-align: justify;\">&#8211; koktel dobrodo\u0161lice;<\/p>\n<p style=\"text-align: justify;\">&#8211; osve\u017eenja u radnim pauzama.<\/p>\n<p style=\"text-align: justify;\"><strong><u>Prijave i na\u010din uplate kotizacije<\/u><\/strong><\/p>\n<p style=\"text-align: justify;\">Prijavite svoje u\u010de\u0161\u0107e na konferenciji najkasnije <strong>do 1. jula 2023.<\/strong> (ukoliko prijavljujete izlaganje) ili do 20. septembra 2023. godine (ukoliko ste u\u010desnik bez izlaganja) popunjavanjem <a href=\"https:\/\/docs.google.com\/forms\/d\/e\/1FAIpQLSe437tUECBVCVCs2q4tOS4mYPvHxRpzdinToxcO7Fhu9gDQvQ\/viewform\">prijavne forme<\/a>. Nakon popunjavanja prijavne forme, na svoju imejl-adresu dobi\u0107ete predra\u010dun i uputstva za uplatu kotizacije. Napominjemo da \u0107e kolegama koji ne budu mogli ili \u017eeleli da fizi\u010dki prisustvuju konferenciji biti omogu\u0107eno onlajn-u\u010de\u0161\u0107e.<\/p>\n<p style=\"text-align: justify;\"><strong><u>Uputstvo za prijavu sa\u017eetaka (usmena izlaganja, poster prezentacije i radionice)<\/u><\/strong><\/p>\n<p style=\"text-align: justify;\">U\u010de\u0161\u0107e na konferenciji sa izlaganjem prijavljuje se popunjavanjem <a href=\"https:\/\/docs.google.com\/forms\/d\/e\/1FAIpQLSe437tUECBVCVCs2q4tOS4mYPvHxRpzdinToxcO7Fhu9gDQvQ\/viewform\">prijavne forme<\/a> i dostavljanjem sa\u017eetka izlaganja (za sve oblike izlaganja i u\u010de\u0161\u0107a: usmena prezentacija, poster, radionice) do<br \/>\n1. jula 2023. godine na adresu <a href=\"mailto:konferencija@mensa.rs\">konferencija@mensa.rs<\/a>.<\/p>\n<p style=\"text-align: justify;\"><strong><u>Sa\u017eeci usmenih izlaganja i poster prezentacija <\/u><\/strong><\/p>\n<p style=\"text-align: justify;\">Sa\u017eetak se prijavljuje na dva zvani\u010dna jezika konferencije (na srpskom ili jednom od jezika regiona i na engleskom) i treba da ima slede\u0107e odlike:<\/p>\n<p style=\"text-align: justify;\">pismo: latini\u010dno ili \u0107irili\u010dno;<\/p>\n<p style=\"text-align: justify;\">obim: <strong>do 500 re\u010di<\/strong>;<\/p>\n<p style=\"text-align: justify;\">format: Word (.doc ili .docx);<\/p>\n<p style=\"text-align: justify;\">font: Times New Roman;<\/p>\n<p style=\"text-align: justify;\">prored: 1;<\/p>\n<p style=\"text-align: justify;\">veli\u010dina slova:<\/p>\n<p style=\"text-align: justify;\">\u2212 naslov (srpski \/ jedan od jezika regiona i engleski), 14 pt, bold, capital;<\/p>\n<p style=\"text-align: justify;\">\u2212 autori sa afilijacijama (srpski \/ jedan od jezika regiona i engleski), 12 pt, regular;<\/p>\n<p style=\"text-align: justify;\">\u2212 sa\u017eetak i <em>abstract<\/em> (do 500 re\u010di), 12 pt, regular;<\/p>\n<p style=\"text-align: justify;\">\u2212 klju\u010dne re\u010di<em> i <\/em><em>keywords <\/em>(do 5), 12 pt, italic.<\/p>\n<p style=\"text-align: justify;\">Sa\u017eetak pisati po\u0161tuju\u0107i IMRAD format (izdvojiti: cilj rada\/istra\u017eivanja, metod, rezultate i zaklju\u010dak ili odre\u0111ene preporuke). Sa\u017eetak ne treba da sadr\u017ei reference.<\/p>\n<p style=\"text-align: justify;\"><a href=\"https:\/\/docs.google.com\/document\/d\/1JzfAXCIc-pjYu4qlnTxZ45lUcOiB6e2Wpdtvoa3PP38\/edit?usp=sharing\">Primer formata sa\u017eetka<\/a><\/p>\n<p style=\"text-align: justify;\"><strong>SA\u017dETAK ZA RADIONICU<\/strong> treba da sadr\u017ei naziv radionice, autore-voditelje radionice i afilijacije, kao i cilj i ishode radionice. Nazna\u010diti maksimalan broj u\u010desnika.<\/p>\n<p style=\"text-align: justify;\">Napomena: Radionica mo\u017ee da traje najdu\u017ee <strong>60 minuta<\/strong>.<\/p>\n<p style=\"text-align: justify;\"><strong><u>Op\u0161te napomene<\/u><\/strong><\/p>\n<p style=\"text-align: justify;\">Jedan autor se mo\u017ee prijaviti sa najvi\u0161e dva izlaganja, bez obzira na formu izlaganja (bilo kao autor ili koautor). Maksimalan broj autora po jednom izlaganju je \u010detiri.<\/p>\n<p style=\"text-align: justify;\">Svi prijavljeni radovi se upu\u0107uju na anonimnu recenziju, na ocenu zadovoljenosti uslova za izlaganje na konferenciji i \u0161tampanje u Zborniku sa\u017eetaka.<\/p>\n<p style=\"text-align: justify;\"><strong>VA\u017dNO UPUTSTVA ZA IZLAGA\u010cE<\/strong><\/p>\n<p style=\"text-align: justify;\">Du\u017eina usmenih izlaganja ograni\u010dena je na deset minuta, uz dodatnih pet minuta za diskusiju i pitanja.<\/p>\n<p style=\"text-align: justify;\"><strong>Maksimalna veli\u010dina poster prezentacija<\/strong> je 80 x 110 cm, portret ili landscape pozicije, jasno\u00a0vidljivog teksta sa udaljenosti od 2 m. Poster prezentacije autori li\u010dno donose na konferenciju i u obavezi su da u vreme predvi\u0111eno programom konferencije budu pored poster prezentacija zbog komunikacije sa zainteresovanim u\u010desnicima. Nakon predvi\u0111enog vremena izlaganja poster prezentacija, autori uklanjaju svoje postere.<\/p>\n<p style=\"text-align: justify;\">Za prihva\u0107ena usmena izlaganja: Molimo sve izlaga\u010de (bez obzira na to da li izla\u017eu u\u017eivo ili onlajn) da <strong>svoje prezentacije po\u0161alju na adresu<\/strong> <a href=\"mailto:konferencija@mensa.rs\">konferencija@mensa.rs<\/a> (u Power Pointu) <strong>najkasnije do 27. septembra 2023.<\/strong><\/p>\n<p style=\"text-align: justify;\">Sa\u017eeci usmenih izlaganja nau\u010dnih\/stru\u010dnih radova, poster prezentacija i radionica prijavljenih i prihva\u0107enih za konferenciju bi\u0107e objavljeni u Zborniku sa\u017eetaka konferencije. Sa\u017eeci autora koji ne uplate kotizaciju za u\u010de\u0161\u0107e na konferenciji do 6. septembra 2023. godine ne\u0107e biti \u0161tampani u Zborniku sa\u017eetaka i ne\u0107e biti navedeni u programu skupa.<\/p>\n<p style=\"text-align: justify;\"><strong>Uputstvo za radove u celini<\/strong><\/p>\n<p style=\"text-align: justify;\">U <strong>Zborniku radova<\/strong> bi\u0107e u celini \u0161tampana izlaganja sa konferencije koja su autori priredili u formi nau\u010dnog\/stru\u010dnog \u010dlanka, prema ovom uputstvu, i \u010diji tekst su poslali <strong><u>na adresu konferencije <\/u><\/strong><u>(<\/u><a href=\"mailto:konferencija@mensa.rs\">konferencija@mensa.rs<\/a><u>)<strong> najkasnije do 15. avgusta 2023. godine.<\/strong><\/u><\/p>\n<p style=\"text-align: justify;\">Zbornik radova \u0107e biti objavljen u \u0161tampanoj formi i prire\u0111en za datume odr\u017eavanja konferencije sa ISBN i UDC oznakama.<\/p>\n<p style=\"text-align: justify;\">Recenzentski postupak, povratna informacija i korekcije bi\u0107e zavr\u0161eni do 5. septembra 2023. Autori mogu da o\u010dekuju prvu informaciju o prihva\u0107enosti rada za objavljivanje u Zborniku u roku od dve nedelje od slanja rada. Autori preuzimaju obavezu da tra\u017eene izmene izvr\u0161e najkasnije do 5. septembra 2023. godine.<\/p>\n<p style=\"text-align: justify;\">Rad \u0107e nakon recenzije po potrebi biti vra\u0107en autoru na kona\u010dnu doradu\/dopunu u skladu sa uputstvom.<\/p>\n<p style=\"text-align: justify;\">Radove \u0107e recenzirati kompetentni doma\u0107i i me\u0111unarodni recenzenti. Tokom recenzentskog postupka bi\u0107e provereni plagijarizam i autoplagijarizam.<\/p>\n<p style=\"text-align: justify;\">Jezici objavljivanja radova su: srpski \/ jezici regiona ili engleski.<\/p>\n<p style=\"text-align: justify;\">Jedan autor\/koautor mo\u017ee biti naveden na najvi\u0161e dva (2) rada. Broj autora i koautora: najvi\u0161e \u010detiri (4) na jednom radu.<\/p>\n<p style=\"text-align: justify;\"><strong>Rad mora imati slede\u0107e karakteristike: <\/strong><\/p>\n<p style=\"text-align: justify;\">Jezik: srpski \/ jezici regiona ili engleski, sa sa\u017eetkom\/apstraktom na jeziku na kom je napisan rad i na engleskom jeziku. Za radove na engleskom jeziku (za autore iz inostranstva) mo\u017eemo obezbediti prevod na srpski jezik.<\/p>\n<p style=\"text-align: justify;\">Obim: do 10 stranica A4 formata (originalni nau\u010dni rad), 5\u201310 stranica (stru\u010dni i pregledni rad). Jedna stranica ima 1.800 karaktera.<\/p>\n<p style=\"text-align: justify;\">U Zborniku radova mogu se objaviti i prikazi publikacija o darovitosti, koji ne smeju biti du\u017ei od dve strane (treba navesti sve relevantne podatke o publikaciji: autori, naslov publikacije, izdava\u010d, mesto i godina izdanja, kratak sadr\u017eaj, komentar autora prikaza).<\/p>\n<p style=\"text-align: justify;\">Radovi se dostavljaju u .<strong>docx<\/strong> formatu.<\/p>\n<p style=\"text-align: justify;\">Font: Times New Roman, \u0107irili\u010dno ili latini\u010dno pismo.<\/p>\n<p style=\"text-align: justify;\">Prored: 1,5<\/p>\n<p style=\"text-align: justify;\">Slike i grafikoni: Ilustracije, fotografije, tabelarni i sli\u010dni prilozi dostavljaju se uz tekst obavezno kao prilog. Oni moraju da budu u formatu i rezoluciji pogodnoj za \u0161tampu.<\/p>\n<p style=\"text-align: justify;\">Ilustracije treba dostavljati u obliku digitalnih slika u .eps, .tiff ili .jpg (maximum quality) formatu. Voditi ra\u010duna da \u0107e \u0161tampa biti crno-bela, a ne u boji.<\/p>\n<p style=\"text-align: justify;\">Tabele i grafikone dostaviti u .docx formatu. Tabele i slike po\u0161aljite u posebnom dokumentu, a u tekstu rada jasno nazna\u010dite mesto, broj i naziv priloga.<\/p>\n<p style=\"text-align: justify;\"><strong>Rad treba da sadr\u017ei: <\/strong><\/p>\n<p style=\"text-align: justify;\">naslov na srpskom \/ jezicima regiona i obavezno na engleskom jeziku \u2013 14 pt, bold, capital;<\/p>\n<p style=\"text-align: justify;\">imena i prezimena svih autora \u2013 12 pt, regular;<\/p>\n<p style=\"text-align: justify;\">afilijacije (redosledom: ustanova, grad, dr\u017eava) \u2013 10 pt, regular;<\/p>\n<p style=\"text-align: justify;\">sa\u017eetak na srpskom \/ jezicima regiona i na engleskom jeziku, svaki <strong>do maksimalno 300 re\u010di<\/strong> \u2013 12 pt, regular;<\/p>\n<p style=\"text-align: justify;\">klju\u010dne re\u010di: do 5 re\u010di \u2013 12 pt, italic;<\/p>\n<p style=\"text-align: justify;\">struktura teksta rada (uvod, metod, rezultati, diskusija, zaklju\u010dak) \u2013 12 pt, regular;<\/p>\n<p style=\"text-align: justify;\">literatura \u2013 10 pt, regular; citatni stil: APA 7.<\/p>\n<p style=\"text-align: justify;\"><a href=\"https:\/\/docs.google.com\/document\/d\/1yTC2qyRkpzw8_GpDVgQ-Pji4hIogJXe8IWEPxdpcvKA\/edit?usp=sharing\">Primer formata rada<\/a><\/p>\n<p style=\"text-align: justify;\">Uslov za objavljivanje rezimea, kao i rada u celini, jeste pla\u0107ena kotizacija za prvog autora rada, odnosno autora koji prezentuje rad. Rad za koji do 6. septembra 2023. godine nije upla\u0107ena nijedna kotizacija ne\u0107e biti uvr\u0161ten u program skupa, Zbornik rezimea, niti u Zbornik radova.<\/p>\n<p style=\"text-align: justify;\">Autori mogu prijaviti svoj rad samo za objavljivanje u Zborniku radova, bez obaveze prezentovanja rada na konferenciji. U ovom slu\u010daju, potrebno je da prvi autor rada uplati iznos jedne kotizacije na ime tro\u0161kova recenziranja i objavljivanja rada u zborniku najkasnije do 6. septembra 2023. godine.<\/p>\n<p><span style=\"color: #ff0000;\"><strong>POSEBNO PRIZNANJE ZA INSTITUCIJE I ORGANIZACIJE KOJE PREPOZNAJU I PODR\u017dAVAJU DAROVITOST I KREATIVNOST<\/strong><\/span><\/p>\n<p style=\"text-align: justify;\">Od ove godine organizatori konferencije dodeljuju posebno priznanje vaspitnoobrazovnim institucijama i organizacijama koje se posebno isti\u010du u pogledu prepoznavanja i podr\u0161ke darovitoj i kreativnoj deci i koje razvijaju ambijent u kojem se podr\u017eavaju darovitii kreativni potencijali svakog pojedinca.<\/p>\n<p style=\"text-align: justify;\">Kako je osnovna pokreta\u010dka ideja organizatora na\u0161ih konferencija o fenomenu darovitosti da stvore bolje dru\u0161tveno okru\u017eenje za prepoznavanje i razvoj darovitih, prvenstveno u vaspitnoobrazovnom sistemu, na sve\u010danom zatvaranju Konferencije bi\u0107e dodeljene plakete onim institucijama i organizacijama koje su zna\u010dajno doprinele ovoj oblasti.<\/p>\n<p style=\"text-align: justify;\"><strong>Plaketa GIFTED FRIENDLY \u2013 INSTITUCIJA KOJA PREPOZNAJE I PODR\u017dAVA DAROVITOST I KREATIVNOST<\/strong>, dodeljuje se za 2023\/2024 godinu institucijama koje su u\u010destvovale na Konferenciji sa minimalno 5 \u010dlanova kolektiva i jednim izlo\u017eenim radom ili radionicom i jednoj doma\u0107oj instituciji na predlog Organizacionog odbora konferencije.<\/p>\n<p style=\"text-align: justify;\"><strong>Amblem GIFTED FRIENDLY \u2013 INSTITUCIJA KOJA PREPOZNAJE I PODR\u017dAVA DAROVITOST I KREATIVNOST <\/strong>bi\u0107e oznaka institucije\/organizacije da je posve\u0107ena podr\u0161ci darovitim potencijalima svojih korisnika.<\/p>\n<p style=\"text-align: justify;\"><strong>Posebna zahvalnica <\/strong>bi\u0107e dodeljena autoru\/autorima najbolje prezentacije ili radionice prema izboru u\u010desnika Konferencije.<\/p>\n<p style=\"text-align: justify;\">Na ovaj na\u010din \u017eelimo da doprinesemo vidljivosti onih institucija i organizacija koje su senzibilisane za prepoznavanje i pru\u017eanje aktivne podr\u0161ke razvoju darovitih i kreativnih potencijala dece i odraslih u na\u0161oj zemlji. Nadamo se da \u0107emo \u0161iriti mre\u017eu takvih institucija i omogu\u0107iti da se kroz njihovo povezivanje stvore sistemski preduslovi i temelji za podr\u0161ku darovitima.<\/p>\n<p style=\"text-align: justify;\">Plaketu, amblem i zahvalnicu dodeljuju:<\/p>\n<p style=\"text-align: justify;\">Mensa Srbije, Nacionalni centar za talente (NCT), Visoka \u0161kola strukovnih studija za obrazovanje vaspita\u010da Novi Sad i Prirodno matemati\u010dki fakultet Univerziteta u Novom Sadu.<\/p>\n<p style=\"text-align: justify;\"><strong>\u00a0<\/strong><strong>\u00a0<\/strong><\/p>\n<p style=\"text-align: justify;\"><strong>Za sva dodatna pitanja i komunikaciju sa organizatorima i uredni\u0161tvom<\/strong> koristite adresu: <a href=\"mailto:konferencija@mensa.rs\">konferencija@mensa.rs<\/a>.<\/p>\n<p style=\"text-align: justify;\">Program konferencije<\/p>\n<p style=\"text-align: justify;\">Program konferencije \u0107e biti objavljen na <a href=\"https:\/\/konferencija.mensa.rs\/?page_id=252\">veb-stranici <\/a><a href=\"https:\/\/konferencija.mensa.rs\/?page_id=252\">k<\/a><a href=\"https:\/\/konferencija.mensa.rs\/?page_id=252\">onferencije<\/a> najkasnije do 15. septembra 2023. godine.<\/p>\n<p style=\"text-align: justify;\">O\u010dekuju\u0107i Va\u0161u prijavu za u\u010de\u0161\u0107e na konferenciji i susret sa Vama u Novom Sadu, srda\u010dno Vas pozdravljamo!<\/p>\n<p style=\"text-align: right;\"><strong>Organizacioni odbor <\/strong><strong>konferencije<\/strong><\/p>\n<p>&nbsp;<\/p>\n<p><strong>Organizatori konferencije<\/strong><\/p>\n<p>Mensa Srbije<\/p>\n<p>Visoka \u0161kola strukovnih studija za obrazovanje vaspita\u010da u Novom Sadu<\/p>\n<p>Nacionalni centar za talente<\/p>\n<p>Prirodno-matemati\u010dki fakultet Univerziteta u Novom Sadu<\/p>\n<p>&nbsp;<\/p>\n<p><strong>Partneri konferencije<\/strong><\/p>\n<p>Fakultet za obrazovanje u\u010ditelja i vaspita\u010da Univerziteta u Beogradu<\/p>\n<p>LINK Educational Alliance<\/p>\n<p>Udru\u017eenje gra\u0111ana \u201eU\u010denIQ\u201d<\/p>\n<p>Udru\u017eenje vaspita\u010da Vojvodine<\/p>\n<p>&nbsp;<\/p>\n<p>&nbsp;<\/p>\n","protected":false},"excerpt":{"rendered":"<p>Udru\u017eenje gra\u0111ana Mensa Srbije i partneri pozivaju Vas na \u0160estu me\u0111unarodnu nau\u010dno-stru\u010dnu konferenciju \u201eMetode i programi rada sa darovitima\u201d \u00a029.9 \u2013 1. 10. 2023, Novi Sad &nbsp; NOVO!!! Program konferencije Mesto: Rektorat Univerziteta u Novom Sadu, Zorana \u0110in\u0111i\u0107a 1 Cilj konferencije: Posle pet odr\u017eanih konferencija \u010dije su se teme odnosile na definisanje darovitosti, prepoznavanje darovitih, &hellip; <a href=\"https:\/\/konferencija.mensa.rs\/?page_id=304\" class=\"more-link\">Continue reading <span class=\"screen-reader-text\">6. konferencija 2023.<\/span><\/a><\/p>\n","protected":false},"author":2,"featured_media":0,"parent":0,"menu_order":0,"comment_status":"closed","ping_status":"closed","template":"","meta":[],"_links":{"self":[{"href":"https:\/\/konferencija.mensa.rs\/index.php?rest_route=\/wp\/v2\/pages\/304"}],"collection":[{"href":"https:\/\/konferencija.mensa.rs\/index.php?rest_route=\/wp\/v2\/pages"}],"about":[{"href":"https:\/\/konferencija.mensa.rs\/index.php?rest_route=\/wp\/v2\/types\/page"}],"author":[{"embeddable":true,"href":"https:\/\/konferencija.mensa.rs\/index.php?rest_route=\/wp\/v2\/users\/2"}],"replies":[{"embeddable":true,"href":"https:\/\/konferencija.mensa.rs\/index.php?rest_route=%2Fwp%2Fv2%2Fcomments&post=304"}],"version-history":[{"count":17,"href":"https:\/\/konferencija.mensa.rs\/index.php?rest_route=\/wp\/v2\/pages\/304\/revisions"}],"predecessor-version":[{"id":350,"href":"https:\/\/konferencija.mensa.rs\/index.php?rest_route=\/wp\/v2\/pages\/304\/revisions\/350"}],"wp:attachment":[{"href":"https:\/\/konferencija.mensa.rs\/index.php?rest_route=%2Fwp%2Fv2%2Fmedia&parent=304"}],"curies":[{"name":"wp","href":"https:\/\/api.w.org\/{rel}","templated":true}]}}