{"id":73,"date":"2018-04-09T10:16:45","date_gmt":"2018-04-09T10:16:45","guid":{"rendered":"https:\/\/konferencija.mensa.rs\/?page_id=73"},"modified":"2021-08-29T21:17:51","modified_gmt":"2021-08-29T20:17:51","slug":"konferencija-2017","status":"publish","type":"page","link":"https:\/\/konferencija.mensa.rs\/?page_id=73","title":{"rendered":"1. Konferencija 2017"},"content":{"rendered":"<p><img decoding=\"async\" loading=\"lazy\" class=\"aligncenter\" src=\"https:\/\/www.mensa.rs\/resources\/images\/mensa_srbije_znak_1.jpg\" alt=\"\" width=\"200\" height=\"69\" border=\"0\" \/><\/p>\n<p style=\"text-align: center;\">u partnerstvu sa<\/p>\n<p style=\"text-align: center;\">Visokom \u0161kolom strukovnih studija za obrazovanje vaspita\u010da, Novi Sad<br \/>\nDru\u0161tvom defektologa Vojvodine<br \/>\nUdru\u017eenjem vaspita\u010da Vojvodine<br \/>\nNacionalnim centrom za talente<\/p>\n<p><img decoding=\"async\" loading=\"lazy\" class=\"aligncenter\" src=\"https:\/\/www.mensa.rs\/resources\/images\/222.jpg\" alt=\"\" width=\"185\" height=\"185\" border=\"0\" \/><\/p>\n<p style=\"text-align: center;\">je organizovala<\/p>\n<h3 style=\"text-align: center;\">Me\u0111unarodnu nau\u010dno-stru\u010dnu konferenciju<\/h3>\n<h2 style=\"text-align: center;\">Darovitost &#8211; prepoznavanje i podr\u0161ka<\/h2>\n<p>U Novom Sadu, 29.09.2017. &#8211; 1.10.2017. u hotelu Putnik<\/p>\n<h3><a href=\"https:\/\/www.mensa.rs\/resources\/zaklju\u010dci_1._konferencija_darovitost_latin.pdf\" target=\"_blank\" rel=\"noopener\">ZAKLJU\u010cCI KONFERENCIJE<\/a><\/h3>\n<h3><a href=\"https:\/\/drive.google.com\/file\/d\/19tVBNiA1znBDZsbpfuhtv07P5GZigxlP\/view?usp=sharing\"><span style=\"color: #000080;\">ZBORNIK SA\u017dETAKA KONFERENCIJE &#8220;DAROVITOST &#8211; PREPOZNAVANJE I PODR\u0160KA&#8221;<\/span><\/a><\/h3>\n<h3><span style=\"color: #000080;\"><a style=\"color: #000080;\" href=\"https:\/\/drive.google.com\/file\/d\/1L_fKbSG4ISVzXjsdey1YjRj6dDy7eZs1\/view?usp=sharing\">TEMATSKI ZBORNIK &#8220;DAROVITOST&#8221;<\/a><\/span><\/h3>\n<h3>Cilj\u00a0 konferencije:<\/h3>\n<p>Razmatranje teorijskih postavki i prakti\u010dnih iskustava u radu sa darovitom (talentovanom i izuzetnom) decom, mladima i odraslim osobama; razmena i deljenje znanja i ve\u0161tina o radu sa darovitima; razmatranje postignu\u0107a i perspektiva razvoja odnosa prema ovim osobama; podizanje nivoa svesti svih u\u010desnika u raznim sektorima o potrebama za dodatnom pa\u017enjom i posebnim radom sa darovitim osobama.<\/p>\n<h3>U\u010desnici konferencije:<\/h3>\n<p>Konferencija je namenjena vaspita\u010dima, u\u010diteljima, nastavnicima, stru\u010dnim saradnicima, defektolozima, lekarima, zaposlenima u javnim servisima i upravama, medijskim radnicima, studentima i drugima koji se u svom radu susre\u0107u i bave darovitom decom, mladima i odraslima, iz zemlje i inostranstva.<\/p>\n<p>Konferencija je akreditovana kao oblik stru\u010dnog usavr\u0161avanja zaposlenih u vaspitno-obrazovnim ustanovama i u ustanovama socijalne za\u0161tite u Srbiji.<\/p>\n<p><strong>Jezici Konferencije: srpski, engleski, hrvatski.<\/strong><\/p>\n<h3>Podteme:<\/h3>\n<p>&#8211; Vaspitno-obrazovni rad sa darovitom (talentovanom i izuzetnom) decom, mladima i odraslima,<br \/>\n&#8211; Boga\u0107enje znanja i ve\u0161tina darovitih,<br \/>\n&#8211; Aktuelni pristupi u radu darovitima,<br \/>\n&#8211; Otkrivanje i prepoznavanje darovite dece, mladih i odraslih,<br \/>\n&#8211; Podizanje darovite dece,<br \/>\n&#8211; Dodatna podr\u0161ka darovitim osobama,<br \/>\n&#8211; Eti\u010dka pitanja o darovitima,<br \/>\n&#8211; Stimulativni programi za darovite,<br \/>\n&#8211; Osna\u017eivanje profesionalaca za rad sa darovitima,<br \/>\n&#8211; Odnos dru\u0161tva prema darovitima.<\/p>\n<p>Pogledajte <a href=\"https:\/\/www.mensa.rs\/resources\/program_konferencije_darovitost_za_stampu.pdf\" target=\"_blank\" rel=\"noopener\">PROGRAM KONFERENCIJE<\/a><\/p>\n","protected":false},"excerpt":{"rendered":"<p>u partnerstvu sa Visokom \u0161kolom strukovnih studija za obrazovanje vaspita\u010da, Novi Sad Dru\u0161tvom defektologa Vojvodine Udru\u017eenjem vaspita\u010da Vojvodine Nacionalnim centrom za talente je organizovala Me\u0111unarodnu nau\u010dno-stru\u010dnu konferenciju Darovitost &#8211; prepoznavanje i podr\u0161ka U Novom Sadu, 29.09.2017. &#8211; 1.10.2017. u hotelu Putnik ZAKLJU\u010cCI KONFERENCIJE ZBORNIK SA\u017dETAKA KONFERENCIJE &#8220;DAROVITOST &#8211; PREPOZNAVANJE I PODR\u0160KA&#8221; TEMATSKI ZBORNIK &#8220;DAROVITOST&#8221; Cilj\u00a0 &hellip; <a href=\"https:\/\/konferencija.mensa.rs\/?page_id=73\" class=\"more-link\">Continue reading <span class=\"screen-reader-text\">1. Konferencija 2017<\/span><\/a><\/p>\n","protected":false},"author":2,"featured_media":0,"parent":0,"menu_order":0,"comment_status":"closed","ping_status":"closed","template":"","meta":[],"_links":{"self":[{"href":"https:\/\/konferencija.mensa.rs\/index.php?rest_route=\/wp\/v2\/pages\/73"}],"collection":[{"href":"https:\/\/konferencija.mensa.rs\/index.php?rest_route=\/wp\/v2\/pages"}],"about":[{"href":"https:\/\/konferencija.mensa.rs\/index.php?rest_route=\/wp\/v2\/types\/page"}],"author":[{"embeddable":true,"href":"https:\/\/konferencija.mensa.rs\/index.php?rest_route=\/wp\/v2\/users\/2"}],"replies":[{"embeddable":true,"href":"https:\/\/konferencija.mensa.rs\/index.php?rest_route=%2Fwp%2Fv2%2Fcomments&post=73"}],"version-history":[{"count":7,"href":"https:\/\/konferencija.mensa.rs\/index.php?rest_route=\/wp\/v2\/pages\/73\/revisions"}],"predecessor-version":[{"id":240,"href":"https:\/\/konferencija.mensa.rs\/index.php?rest_route=\/wp\/v2\/pages\/73\/revisions\/240"}],"wp:attachment":[{"href":"https:\/\/konferencija.mensa.rs\/index.php?rest_route=%2Fwp%2Fv2%2Fmedia&parent=73"}],"curies":[{"name":"wp","href":"https:\/\/api.w.org\/{rel}","templated":true}]}}